
True
Is 1785 a factor of 21395010?
True
Is 9 a factor of 115825651?
False
Is 4181 a factor of 264281891?
False
Is 221 a factor of 185489632?
False
Is 149931026 a multiple of 763?
True
Does 292 divide 68562157?
False
Does 2494 divide 70228513?
False
Does 4268 divide 3857027478?
False
Is 395231858 a multiple of 182?
False
Does 30 divide 58404300?
True
Is 19336843 a multiple of 4?
False
Is 5489008 a multiple of 4?
True
Is 3884435614 a multiple of 36?
False
Is 2950039332 a multiple of 76?
True
Is 1125195430 a multiple of 673?
True
Is 449 a factor of 511618?
False
Is 1041633740 a multiple of 70?
True
Is 3 a factor of 111521408?
False
Is 332 a factor of 13944900?
False
Does 191 divide 38509291?
False
Does 864 divide 27061496?
False
Does 103 divide 273178248?
True
Is 2 a factor of 69584149?
False
Is 10481964 a multiple of 16?
False
Is 1308255336 a multiple of 228?
True
Does 15 divide 500200935?
True
Is 228 a factor of 92403783?
False
Is 21 a factor of 6125238?
True
Is 672 a factor of 32865201?
False
Does 349 divide 500850947?
True
Does 118 divide 790073159?
False
Is 2745 a factor of 117914220?
True
Is 103478397 a multiple of 46?
False
Is 66 a factor of 464317062?
True
Does 72 divide 1671646296?
False
Does 1051 divide 87977108?
True
Is 110127019 a multiple of 2033?
False
Is 482 a factor of 42265134?
True
Is 12302 a factor of 2210607890?
True
Is 652 a factor of 32971362?
False
Is 30 a factor of 10822298?
False
Is 1537835761 a multiple of 2161?
False
Does 560 divide 114521357?
False
Is 53490602 a multiple of 1513?
True
Is 135979864 a multiple of 80?
False
Is 251235184 a multiple of 195?
False
Is 31586202 a multiple of 142?
False
Does 5256 divide 1357060337?
False
Is 344 a factor of 349857976?
True
Is 1519 a factor of 689650742?
False
Does 67 divide 62302278?
False
Is 9093204 a multiple of 104?
False
Does 239 divide 8798785?
True
Is 69547009 a multiple of 8?
False
Is 36118740 a multiple of 420?
True
Does 399 divide 243551196?
True
Is 173 a factor of 90334998?
False
Is 1140779130 a multiple of 1451?
False
Is 244 a factor of 117836594?
False
Is 4217 a factor of 110599114?
False
Is 65816171 a multiple of 883?
True
Is 38 a factor of 143619340?
False
Is 1655 a factor of 91783227?
False
Is 7 a factor of 23588026?
True
Is 14782751 a multiple of 243?
False
Is 663 a factor of 55058172?
True
Is 58 a factor of 98206296?
True
Is 3605 a factor of 115775307?
False
Is 23 a factor of 154499018?
False
Does 7 divide 820400?
True
Is 180476046 a multiple of 352?
False
Does 325 divide 21250554?
False
Does 443 divide 72459295?
True
Is 161671669 a multiple of 94?
False
Does 116 divide 1317180?
True
Is 945 a factor of 3512565?
True
Is 187 a factor of 78241598?
False
Does 364 divide 1710286032?
True
Is 388 a factor of 1127721224?
True
Does 108 divide 13042613?
False
Is 86895342 a multiple of 1671?
True
Is 1759 a factor of 356387472?
True
Is 10 a factor of 333798850?
True
Is 2284 a factor of 352240688?
False
Is 21 a factor of 1155613599?
True
Does 109 divide 97201481?
False
Is 29469286 a multiple of 77?
True
Is 30 a factor of 435285840?
True
Is 352833225 a multiple of 2349?
False
Is 74 a factor of 12881214?
False
Does 63 divide 60215589?
True
Is 22227116 a multiple of 769?
False
Does 514 divide 2162851348?
True
Is 2043 a factor of 41944833?
True
Is 3496184 a multiple of 489?
False
Does 2566 divide 1286764322?
True
Does 136 divide 8134376?
False
Does 4747 divide 1387545917?
False
Does 2716 divide 223282360?
True
Does 834 divide 34903734?
True
Does 31 divide 3131975229?
True
Is 18 a factor of 13095360?
True
Does 26 divide 277531120?
False
Is 33802050 a multiple of 150?
True
Is 242114339 a multiple of 72?
False
Is 171 a factor of 428534379?
True
Does 102 divide 366464682?
True
Does 925 divide 152592636?
False
Is 49568370 a multiple of 7?
False
Does 17 divide 266853032?
False
Does 207 divide 82322037?
True
Is 13952430 a multiple of 18?
True
Is 1423 a factor of 1089602484?
True
Is 1142531325 a multiple of 1755?
True
Is 11 a factor of 60788102?
False
Is 409190930 a multiple of 235?
True
Is 13257 a factor of 394913874?
False
Does 3483 divide 1210537629?
False
Is 1885326750 a multiple of 452?
False
Does 54 divide 3859125?
False
Is 1397769513 a multiple of 401?
False
Is 84 a factor of 269971072?
False
Is 33 a factor of 570267925?
False
Is 294 a factor of 68993568?
True
Is 242 a factor of 976597292?
True
Does 45 divide 6259863?
False
Does 2091 divide 119596836?
True
Does 33 divide 58467201?
False
Is 17 a factor of 635619052?
True
Does 95 divide 912434245?
True
Is 663635420 a multiple of 58?
True
Is 6 a factor of 2141832?
True
Is 74 a factor of 31194626?
True
Does 7 divide 1106383993?
False
Is 142230816 a multiple of 108?
True
Is 6 a factor of 11389599?
False
Does 25 divide 359022646?
False
Is 268604899 a multiple of 2501?
True
Does 10 divide 193038208?
False
Is 682 a factor of 133485132?
True
Is 290066669 a multiple of 2?
False
Does 69 divide 11607009?
False
Is 19 a factor of 6168863?
True
Does 71 divide 180902746?
True
Is 44 a factor of 88878865?
False
Does 54 divide 561618470?
False
Is 336 a factor of 16940112?
True
Is 5 a factor of 13381450?
True
Does 5807 divide 51739412?
False
Is 123 a factor of 19506816?
True
Is 18 a factor of 39243186?
True
Is 187 a factor of 1110139324?
False
Is 1945 a factor of 11737344?
False
Is 7 a factor of 20464275?
False
Does 135 divide 21869267?
False
Is 8 a factor of 16989634?
False
Is 10 a factor of 188864920?
True
Is 14 a factor of 46226719?
False
Is 1103735988 a multiple of 597?
True
Is 156911657 a multiple of 314?
False
Is 41065920 a multiple of 2940?
True
Is 135918443 a multiple of 13?
False
Is 22 a factor of 1947882371?
False
Is 106 a factor of 10756774?
True
Does 2302 divide 93270657?
False
Does 169 divide 1420038555?
True
Does 143 divide 29740134?
False
Is 155 a factor of 18355901?
False
Does 15 divide 61986980?
False
Does 47 divide 1144258898?
True
Is 165492086 a multiple of 1609?
True
Does 195 divide 17705784?
False
Does 1868 divide 17104227?
False
Is 509587676 a multiple of 376?
False
Is 18 a factor of 14884619?
False
Is 13264722 a multiple of 9?
True
Is 1081089231 a multiple of 155?
False
Is 25796888 a multiple of 17?
True
Is 24 a factor of 36196096?
False
Is 14 a factor of 187019680?
False
Is 54 a factor of 1993139101?
False
Does 243 divide 6804?
True
Is 167034632 a multiple of 556?
True
Is 22 a factor of 83585445?
False
Does 55 divide 1525161383?
False
Is 6172710 a multiple of 57?
False
Does 26 divide 66604018?
True
Does 3 divide 85980777?
True
Is 127 a factor of 11065181?
False
Does 74 divide 14304895?
False
Is 298528115 a multiple of 1889?
True
Is 328899480 a multiple of 297?
False
Does 4981 divide 718574003?
True
Does 4722 divide 106310266?
False
Does 204 divide 423205548?
True
Does 2907 divide 1810752858?
True
Is 550 a factor of 45720400?
True
Is 215254141 a multiple of 60?
False
Does 4 divide 53859402?
False
Is 685 a factor of 1930845970?
False
Is 9531 a factor of 1697616736?
False
Is 305714298 a multiple of 453?
True
Is 32 a factor of 1142679430?
False
Is 5 a factor of 148525595?
True
Is 28 a factor of 156744140?
True
Does 45 divide 70280353?
False
Does 828 divide 31073184?
True
Is 698828067 a multiple of 621?
True
Is 6742453 a multiple of 6?
False
Does 475 divide 328717634?
False
Does 1060 divide 38112300?
True
Is 11838457 a multiple of 866?
False
Is 52710658 a multiple of 1631?
True
Is 180215620 a multiple of 2?
True
Does 11 divide 374612282?
True
Does 1856 divide 1124051136?
True
Does 8 divide 681128840?
True
Does 925 divide 10708132?
False
Is 176 a factor of 67449523?
False
Is 179789754 a multiple of 343?
False
Is 4113 a factor of 398961?
True
Is 19 a factor of 181897792?
True
Does 8 divide 1114805088?
True
Is 685072008 a multiple of 2986?
True
Does 27 divide 137165211?
True
Is 11 a factor of 205081458?
False
Is 439991586 a multiple of 102?
True
Is 2579954332 a multiple of 478?
True
Is 1609782174 a multiple of 33?
True
Does 54 divide 413846774?
False
Is 1111 a factor of 387479778?
False
Is 396 a factor of 20610635?
False
Is 54259500 a multiple of 732?
True
Does 38 divide 2177451506?
False
Does 804 divide 23894880?
True
Is 133817568 a multiple of 48?
True
Is 421768990 a multiple of 952?
False
Does 974 divide 5424206?
True
Is 156